 2*o + 4 = 4*o. Suppose -3*p - 20 = o*p. Give b(p).
-2
Let y(a) be the second derivative of 3*a**5/20 - a**4/6 + a**3/6 - a**2/2 - 2*a. Give y(2).
17
Let a(x) = -x - 3. Let q(h) = -h**3 + 6*h**2 + 8*h - 3. Let t be q(7). Let l be (-31)/(-3) - (-1)/(-3). Suppose l = -t*z - 2. Calculate a(z).
0
Suppose 4 - 1 = -y. Let k = y - -6. Let p(r) = -3 - k*r**2 + r**3 + 6 + 0*r**2. Determine p(3).
3
Suppose 2*i + 0*i - 2 = 0. Suppose 2*t - 2 = 4*y, -3*y - y = 2*t - 10. Let b(k) = y + 4*k - k - 5*k. Give b(i).
-1
Let q(s) be the third derivative of s**4/24 - s**3/6 + 14*s**2. Give q(3).
2
Let i(m) = -m**2 - 7*m - 1. Let l be i(-7). Let h(a) be the second derivative of a**5/4 - a**4/6 + a**2/2 - 2*a. Give h(l).
-6
Let p(j) = j**2 + 3*j**2 + 10*j - 7*j - 5*j**2 + 2. Determine p(5).
-8
Let m(q) = q**3 + q**2 + 2*q + 3. Let z(a) = 2*a**2 + 13*a - 9. Let g be z(-7). Calculate m(g).
-5
Let q(i) = i**3 + 3*i**2 - 5*i + 2. Suppose g + 2*j - j = -6, -j = 4*g + 18. What is q(g)?
6
Let x(g) = -7*g**2 + 8*g + 10. Let k(s) = -10*s**2 + 12*s + 15. Let j(d) = 5*k(d) - 7*x(d). Calculate j(5).
0
Suppose 0 = -w - l - 7, 1 = -2*w + l - 10. Let f = 13 + w. Let r = f - 2. Let m(h) = -h**3 + 4*h**2 + 6*h - 6. Calculate m(r).
-1
Let m(u) = u**3 + 7*u**2 + 5. Let r = -14 - -7. Calculate m(r).
5
Let m(f) be the third derivative of -f**6/40 - f**4/24 + 8*f**2. Let a be m(-1). Let l(h) = h**2 - 6*h + 6. Calculate l(a).
-2
Let j = 0 - 3. Let x be (0/1)/((-6)/(-3)). Let r(o) = -1 + 3 - 6 - 2*o + x*o. Determine r(j).
2
Let c be -3*(0 - -1 - -1)/(-6). Let g(j) be the first derivative of j**2/2 + j + 1. What is g(c)?
2
Let x be 3*-2*1/(-6). Let j(l) = -8*l**3 + 2*l**2 - 1. Determine j(x).
-7
Let o(b) be the first derivative of 7*b**4/4 - b**3/3 + b + 5. Determine o(1).
7
Let c(g) = -g**2 - 6*g - 4. Let h be (-1)/(-5) - 42/10. Let y be 18/4*h/6. Let s be (y + 11/5)*5. Calculate c(s).
4
Let c(l) = l. Let f(m) = 0*m - 5*m + 6 - 2*m. Let v(a) = 5*c(a) + f(a). Determine v(4).
-2
Let v(j) = 6*j**2 - 4 + 3 + 13*j - j**2 + 2*j**2. Let p(s) = -10*s**2 - 19*s + 1. Let k(x) = -5*p(x) - 7*v(x). Calculate k(-3).
-1
Let k(j) = -j**2 - j - 2. Let x(t) = t**2 - 4*t - 7. Let c be x(6). Suppose 3*o + 2 = 2*o - q, 4*o - c*q = -17. Determine k(o).
-8
Let f(h) = h + 0*h + 2 + 0. Suppose 10 = -3*j - 23. Let x = j + 6. Calculate f(x).
-3
Let m(i) be the first derivative of -5*i**2/2 + 2*i - 2. Give m(2).
-8
Let l(f) = -f**2 + f - 5. Suppose 15 = 3*s - 3*v + 6, 0 = -5*s + 4*v + 18. Suppose 0 = s*c - 2*c. What is l(c)?
-5
Let h(x) be the first derivative of 2*x**3/3 - x + 40. Determine h(1).
1
Let u(o) be the third derivative of -o**5/60 + 5*o**4/24 + 2*o**3/3 - o**2. Let m be u(6). Let k(b) = 3*b + 3. Give k(m).
-3
Suppose 0 = l + 1 + 4. Let o(j) = 3*j**2 - 2*j**2 - 4*j + 9*j + 6. Give o(l).
6
Let p(m) = -m**3 + 3*m**2 - 2*m + 3. Let o be 54/12 + -4 + (-6)/(-4). Give p(o).
3
Let f = 9 - 6. Let t be 15 - f - 3 - 2. Let v(k) = k - 2*k - k - 4 + t. What is v(3)?
-3
Let r(w) = w**2 + w. Let g(m) = -2*m**3 - 3*m**2 - m - 2. Let c be g(-2). Let l(f) = -f**3 + 5*f**2 - 3*f + 2. Let j be l(4). Let d = c - j. What is r(d)?
2
Let j(b) be the first derivative of -b**3/3 + b**2 + b - 4. Determine j(-2).
-7
Suppose 0*p - 4*p + 8 = 0. Suppose 2*t + p*b = 8, -t = 4*t - 2*b - 27. Let n(k) = -3*k**3 + 4*k**2 - k**3 + 3*k**3 + 2 + 3*k. Determine n(t).
-8
Let l(d) = d**3 + 10*d**2 - 11*d + 4. Let f be l(-11). Let p(o) = -o**3 + 4*o**2 + o + 2. Give p(f).
6
Let f = 6 - 4. Suppose x - 2 = 2*v - 10, 3*v + x - f = 0. Let n(p) = 1 - 2*p**v - 2*p + p**2 + 5*p**2. Calculate n(1).
3
Let y = 5 + -8. Let r be 18/8 + 3/(-12). Let i(v) = v**3 - 3*v**2 - v + 1. Let d(c) = -2*c**3 + 3*c**2 + 2*c - 1. Let x(u) = r*d(u) + 3*i(u). Give x(y).
-2
Suppose 2*r = x - 10, 2*r + 3*x - x = -10. Let f(n) be the second derivative of n**4/12 + n**3/2 - 3*n**2/2 + 3*n. Determine f(r).
7
Let m(y) = -2*y**2 + 2*y + 2. Let q be 4/5*(-15)/(-2). Let h = q - 3. Let j be h*1*(-4)/(-6). Determine m(j).
-2
Let k(v) = -101*v**2 - 10*v + 6. Let u(s) = -20*s**2 - 2*s + 1. Let c(d) = -2*k(d) + 11*u(d). Calculate c(-1).
-17
Let g = 13 + -8. Let p(b) be the third derivative of 0 - 1/24*b**4 + 0*b - 1/6*b**3 - b**2. What is p(g)?
-6
Let x = -10 - -14. Suppose -8*a + x = -4*a. Let q(i) = 1 - a + i + 3. Determine q(4).
7
Suppose 3*i + 0 = 12. Let v(q) = -q**2 + q - 5. Give v(i).
-17
Suppose y - 4*y = 0. Let g be y/2 + 0 + 0. Let c(i) = -i**3 + i**2 + 8. Calculate c(g).
8
Let z(g) be the third derivative of -5*g**4/24 - 3*g**3/2 + 52*g**2. Give z(-6).
21
Let k(o) = o**3 - 4*o**2. Let m(u) = -u**2 + 3*u - 1. Let n be m(2). Let q(b) = 2*b + 0*b**3 + 3*b**2 + n - 3*b + b**3. Let g be q(-3). Give k(g).
0
Let i be -3*-2*(-6)/(-9). Suppose 0*k = -k + i. Let o(l) = -l**3 + 4*l**2 + l - 4. Calculate o(k).
0
Let d(h) be the first derivative of h**2/2 - 11*h - 11. Give d(6).
-5
Let k(q) = -4*q - 8*q**2 + 3 + 0*q**2 + 6*q**2 + 3*q**2. Determine k(5).
8
Let l be (-1)/(-3) + (-8)/(-3). Let u(k) = k**3 - 2*k**2 + k - 3. Give u(l).
9
Let n(a) = -5*a + 0*a + 0*a + 4*a. What is n(4)?
-4
Let p(w) = w + 5. Let k(z) = -z**2 - 2*z - 1. Let t(h) = -h - 1. Let o(j) = k(j) - 3*t(j). Let s be o(-3). Let n be (s/8)/((-1)/(-4)). Calculate p(n).
0
Let z(b) = -7*b - 20. Let v be (1/2)/(1/10). Let m(s) = 6*s + 19. Let w(f) = v*z(f) + 6*m(f). Calculate w(0).
14
Let g(c) = -2*c**2 - 7*c - 4. Suppose 105*v = 111*v + 24. Give g(v).
-8
Let m(s) = -s - 2. Let i be m(-1). Let v = 4 + -2. Let g(n) = 3*n**3 + 2*n**v + 2*n**3 + n + n**3. What is g(i)?
-5
Let w(x) = -x**2 - 6*x - 6. Let o(j) = 8 + 3*j + j**2 - 7*j - 5*j + 0*j**2. Let b be o(7). Calculate w(b).
-6
Let g(b) = 7*b - 1. Let z be 1 + -6 - 45/(-15). Let j(q) = -36*q + 5. Let u(y) = z*j(y) - 11*g(y). Give u(3).
-14
Let i be (4/(-10))/(2/(-10)). Let r(y) be the second derivative of 0 + 3/2*y**2 + y - 2/3*y**3 + 1/4*y**4. Give r(i).
7
Let b(s) = -s**3 - 3*s**2 + 2*s - 1. Let h be b(-3). Let z(y) = -y - 8. Let v be z(h). Let a be 2/v - (-3 + 2). Let t(x) = 5*x**2 + 2*x + 1. Calculate t(a).
4
Let o(y) be the first derivative of -3*y**2/2 - 11. What is o(-4)?
12
Let p(q) = -2*q**3 + 3*q**2 - 2*q + 2. Let h(u) = u - 3. Let n be h(5). What is p(n)?
-6
Let x be 2/11 - 80/(-44). Let o(g) = 3*g - x*g**3 - 1 + g**3 + 3*g**3 - 3*g**2 + 0. Give o(2).
9
Let a(l) be the second derivative of -l**5/60 - l**4/8 - 2*l**3/3 - 2*l**2 - 5*l. Let u(z) be the first derivative of a(z). Determine u(-4).
-8
Let p(l) = -l + 1. Let j(v) = 1. Let s(h) = -6*j(h) + p(h). Suppose -2*z - 4 = 0, -2*g - 16 = 4*z - 0*z. Determine s(g).
-1
Let z(q) be the first derivative of 4 + 2*q + 0*q**2 - 1/12*q**4 + 1/3*q**3. Let l(b) be the first derivative of z(b). Calculate l(-2).
-8
Let v(f) = -2*f**2 - 8*f**2 + 4*f - 4 + 4*f**2 - f - f**3. Calculate v(-6).
-22
Let m = 49 + -47. Let c(l) = l**3 - 2*l**2 + 4*l - 3. Calculate c(m).
5
Let r(y) = y**2 - 3*y - 4. Let i = -20 - -24. Determine r(i).
0
Let d(w) be the first derivative of 3*w**2 - w + 9. Calculate d(-1).
-7
Let i(y) be the third derivative of 1/8*y**4 - 1/20*y**5 + 0*y**3 + 3*y**2 + 0 + 0*y. What is i(2)?
-6
Let g(v) be the first derivative of -13*v**2/2 - v + 2. Let u be g(-1). Suppose 3*m = -0 - u. Let a(w) = w**3 + 5*w**2 + 2*w - 2. Calculate a(m).
6
Let p be (-2)/(-7) + 26/7. Let h(d) = -3*d**3 + d**2 - 2*d + 5. Let u(z) = 4*z**3 - 2*z**2 + 2*z - 6. Let o(n) = 5*h(n) + 4*u(n). Calculate o(p).
9
Let y(z) = -z**3 - 6*z**2 + 9*z + 6. Let u be y(-7). Let x be 5/(-2)*u/5. Let q(n) = 2 + 3*n - n**2 - 2*n + 0*n**2. Calculate q(x).
-10
Let y(c) be the third derivative of -c**5/60 - 7*c**4/24 - 2*c**3/3 + 2*c**2. Determine y(-6).
2
Let x = -1 - -2. Suppose b - x = -6. Let o(j) = -j + 1. Give o(b).
6
Let z(h) = 2*h - 11. Let d be z(0). Let n(c) = -c**2 - 13*c - 10. What is n(d)?
12
Suppose -2 = -9*a + 8*a. Let p(y) = 2*y**2 - 2*y - 2. What is p(a)?
2
Let r(s) = -s**2 - 4 - 5 + 4*s + 6. Let b(x) = x + 11. Let h = -23 - -15. Let k be b(h). What is r(k)?
0
Let p(z) = z**2 - z + 3. Let m(i) = 2*i**2 - 2*i - 1. Let n be m(2). Suppose 8 = n*j + 23. Let h = j + 5. What is p(h)?
3
Let h(w) be the second derivative of 0*w**2 - 1/60*w**5 + 0 + 1/360*w**6 + 2*w + 0*w**4 - 1/3*w**3. Let z(f) be the second derivative of h(f). Calculate z(3).
3
Let h = -5 -